2767985 and 105.
15
What is the highest common factor of 5263526667 and 2311?
2311
What is the highest common divisor of 1672 and 227424604?
836
Calculate the highest common divisor of 1848 and 42540428.
28
What is the highest common factor of 8007 and 954771?
51
What is the highest common divisor of 5122 and 24168157?
2561
What is the greatest common divisor of 179532 and 3834?
18
What is the greatest common factor of 293925 and 5550?
75
What is the greatest common divisor of 1421340 and 240?
60
What is the greatest common divisor of 220 and 74056?
4
Calculate the greatest common divisor of 140 and 45285940.
140
Calculate the highest common divisor of 279801 and 1991383.
241
Calculate the greatest common divisor of 7675 and 1144800.
25
Calculate the greatest common factor of 122175 and 43200.
675
Calculate the greatest common factor of 13768 and 76.
4
What is the highest common divisor of 28590786 and 1204?
602
What is the greatest common factor of 34175286 and 414?
414
What is the highest common divisor of 893 and 10232507?
19
What is the greatest common divisor of 814 and 18106?
22
What is the highest common factor of 1171236 and 2264724?
2508
Calculate the greatest common divisor of 1040 and 156749840.
1040
Calculate the greatest common factor of 386948 and 2554.
2
What is the greatest common factor of 2529 and 1670545?
281
Calculate the highest common factor of 4170 and 39816550.
1390
Calculate the highest common divisor of 2328545 and 1539.
19
Calculate the greatest common divisor of 251515 and 4903063.
2959
Calculate the highest common divisor of 28 and 2020916464.
28
Calculate the highest common factor of 6700581 and 12504.
1563
Calculate the highest common divisor of 35958 and 91807689.
1383
What is the greatest common divisor of 28654009 and 643?
643
What is the highest common divisor of 73551 and 4341?
3
What is the highest common divisor of 27000757 and 1138?
569
Calculate the highest common divisor of 3 and 28240791.
3
Calculate the highest common factor of 2720 and 385396120.
680
Calculate the highest common divisor of 8988576 and 6432.
96
Calculate the greatest common divisor of 7882260 and 160.
20
Calculate the highest common factor of 694090 and 24490.
310
What is the greatest common divisor of 53321 and 377753?
751
What is the greatest common divisor of 42 and 23450098?
14
What is the highest common factor of 16 and 1189208?
8
What is the greatest common factor of 2050 and 93850?
50
What is the greatest common factor of 20492 and 34404?
188
What is the greatest common factor of 670 and 25698880?
10
Calculate the highest common divisor of 70434433 and 2009.
41
Calculate the highest common divisor of 335 and 2403920.
5
What is the highest common divisor of 3471 and 258297?
39
Calculate the highest common divisor of 434867082 and 78.
78
Calculate the greatest common factor of 54538176 and 1147.
31
What is the highest common divisor of 30448935 and 1347?
1347
Calculate the greatest common divisor of 1280068 and 79724.
76
Calculate the highest common divisor of 30 and 11243420.
10
What is the greatest common divisor of 155635952 and 2448?
272
What is the greatest common factor of 116733 and 1040811?
699
What is the greatest common divisor of 15925 and 1169?
7
Calculate the highest common factor of 187500263 and 5554.
2777
Calculate the greatest common factor of 410082204 and 21.
21
Calculate the greatest common factor of 213537 and 24685683.
4029
Calculate the highest common divisor of 31065 and 2793561.
327
Calculate the highest common factor of 180 and 452825.
5
What is the highest common factor of 33025130 and 40?
10
What is the greatest common divisor of 2189280 and 18?
6
What is the greatest common factor of 1241912272 and 4?
4
What is the highest common factor of 27027 and 14717241?
2079
What is the highest common factor of 36995781 and 258?
129
Calculate the highest common divisor of 103290 and 77946.
66
Calculate the greatest common divisor of 235 and 175285.
5
Calculate the greatest common factor of 868701 and 3413093.
4747
Calculate the highest common divisor of 17559289 and 22.
11
Calculate the highest common divisor of 30 and 17332896.
6
What is the greatest common factor of 555649350 and 222?
222
What is the highest common factor of 28043613 and 234?
117
Calculate the greatest common divisor of 3460437 and 6399.
711
Calculate the highest common divisor of 2856 and 30866577.
357
What is the highest common factor of 256 and 6040192?
128
Calculate the greatest common divisor of 262 and 36231718.
262
Calculate the greatest common factor of 13553008 and 78824.
472
What is the highest common factor of 3373546 and 88?
22
Calculate the highest common factor of 2848 and 73944048.
1424
Calculate the greatest common divisor of 28064 and 340832.
32
What is the greatest common divisor of 44600559 and 3?
3
What is the greatest common factor of 10248 and 4798626?
2562
What is the highest common divisor of 13696 and 4189264?
1712
Calculate the greatest common factor of 61605960 and 1020.
1020
What is the greatest common factor of 76860 and 15402870?
630
What is the greatest common divisor of 199090 and 271318?
926
Calculate the highest common divisor of 662582 and 84424.
122
What is the highest common factor of 31621512 and 13?
13
What is the greatest common divisor of 1736 and 27642576?
248
Calculate the greatest common factor of 5450918 and 58.
2
What is the greatest common divisor of 4828815 and 153?
9
What is the highest common factor of 32464485 and 15?
15
What is the greatest common factor of 7805 and 51905?
35
Calculate the greatest common divisor of 852882602 and 2379.
793
What is the highest common factor of 14930223 and 132?
33
What is the greatest common divisor of 516816 and 8325?
333
What is the highest common divisor of 8716 and 138699887?
2179
What is the greatest common factor of 10118622 and 348?
174
What is the greatest common divisor of 24 and 29393016?
24
Calculate the greatest common factor of 17165 and 27882826.
3433
What is the highest common factor of 21467917 and 27376?
1711
What is the greatest common divisor of 2856 and 12925374?
42
What is the highest common factor of 95843 and 93863?
11
What is the greatest common divisor of 4080 and 7024128?
816
Calculate the highest common divisor of 48457 and 426854.
47
Calculate the greatest common factor of 165180 and 60324.
12
What is the greatest common factor of 280 and 105266168?
56
What is the highest common factor of 149784654 and 19074?
1734
What is the greatest common factor of 7527 and 1051243401?
7527
Calculate the highest common factor of 7571865 and 30895.
185
Calculate the greatest common divisor of 526 and 34309139.
263
Calculate the greatest common divisor of 40638 and 8652768.
3126
What is the highest common divisor of 9872 and 1131834672?
9872
Calculate the highest common divisor of 12 and 310411428.
12
Calculate the highest common divisor of 63569 and 14267.
11
Calculate the highest common factor of 3383294764 and 1438.
1438
What is the highest common factor of 91956361 and 203?
203
What is the greatest common factor of 1688 and 55122062?
422
What is the highest common factor of 7 and 40093529?
7
What is the highest common factor of 5654315 and 45?
5
Calculate the highest common factor of 135 and 1259982.
27
Calculate the highest common factor of 76474994 and 194.
194
Calculate the greatest common divisor of 3304026 and 169002.
738
Calculate the greatest common divisor of 11339 and 63220928.
667
What is the highest common divisor of 286 and 18520372?
26
What is the highest common divisor of 15509 and 14027?
13
Calculate the highest common divisor of 4760 and 1220056.
136
What is the greatest common divisor of 142770 and 699720?
30
What is the highest common factor of 52196637 and 1518?
69
What is the greatest common divisor of 4644 and 1056768?
516
What is the greatest common divisor of 706806 and 24354?
54
Calculate the greatest common divisor of 34776 and 60720.
552
What is the highest common divisor of 95097 and 3?
3
Calculate the highest common factor of 518 and 458663100.
518
What is the greatest common factor of 80 and 8142170?
10
Calculate the highest common divisor of 9546 and 981669274.
3182
Calculate the highest common factor of 11224